{"id":15566,"date":"2021-06-08T11:49:12","date_gmt":"2021-06-08T09:49:12","guid":{"rendered":"https:\/\/www.muun-collection.com\/?post_type=product&#038;p=15566"},"modified":"2025-12-05T10:54:26","modified_gmt":"2025-12-05T09:54:26","slug":"gilbert-maxi-black-black-hdl","status":"publish","type":"product","link":"https:\/\/www.muun-collection.com\/fr\/shop\/sac-en-cuir-et-tissu\/gilbert-maxi-black-black-hdl\/","title":{"rendered":"GILBERT MAXI &#8211; BLACK &#8211; BLACK HDL"},"content":{"rendered":"<p>. La r\u00e9alisation de nos cr\u00e9ations en cuir sont confi\u00e9es \u00e0 l\u2019Atelier Mamet &amp; Varennes, lab\u00e9lis\u00e9 \u00ab EPV \u00bb.<br \/>\n. Le cuir est issu du tannage v\u00e9g\u00e9tal qui conf\u00e8re \u00e0 cette mati\u00e8re un grain unique et une douce patine avec le temps.<br \/>\n. Le pochon int\u00e9rieur est cousu par des personnes en situation de handicap travaillant \u00e0 l\u2019ISTA.<\/p>\n","protected":false},"excerpt":{"rendered":"<p>Sac en cuir avec poche amovible.<br \/>\nPort\u00e9 main et \u00e9paule.<br \/>\nFABRIQUE EN FRANCE<\/p>\n","protected":false},"featured_media":41266,"comment_status":"closed","ping_status":"closed","template":"","meta":{"_et_pb_use_builder":"","_et_pb_old_content":"","_et_gb_content_width":"","_monsterinsights_skip_tracking":false,"_monsterinsights_sitenote_active":false,"_monsterinsights_sitenote_note":"","_monsterinsights_sitenote_category":0},"product_brand":[],"product_cat":[1909,2021,377],"product_tag":[451],"woo-feed-brand":[],"class_list":{"0":"post-15566","1":"product","2":"type-product","3":"status-publish","4":"has-post-thumbnail","6":"product_cat-sac-en-cuir-et-tissu","7":"product_cat-sacs-hiver-2025","8":"product_cat-sacs-en-cuir-et-tissu","9":"product_tag-ss21-fr","11":"first","12":"instock","13":"taxable","14":"shipping-taxable","15":"purchasable","16":"product-type-variable","17":"has-default-attributes"},"_links":{"self":[{"href":"https:\/\/www.muun-collection.com\/fr\/wp-json\/wp\/v2\/product\/15566","targetHints":{"allow":["GET"]}}],"collection":[{"href":"https:\/\/www.muun-collection.com\/fr\/wp-json\/wp\/v2\/product"}],"about":[{"href":"https:\/\/www.muun-collection.com\/fr\/wp-json\/wp\/v2\/types\/product"}],"replies":[{"embeddable":true,"href":"https:\/\/www.muun-collection.com\/fr\/wp-json\/wp\/v2\/comments?post=15566"}],"wp:featuredmedia":[{"embeddable":true,"href":"https:\/\/www.muun-collection.com\/fr\/wp-json\/wp\/v2\/media\/41266"}],"wp:attachment":[{"href":"https:\/\/www.muun-collection.com\/fr\/wp-json\/wp\/v2\/media?parent=15566"}],"wp:term":[{"taxonomy":"product_brand","embeddable":true,"href":"https:\/\/www.muun-collection.com\/fr\/wp-json\/wp\/v2\/product_brand?post=15566"},{"taxonomy":"product_cat","embeddable":true,"href":"https:\/\/www.muun-collection.com\/fr\/wp-json\/wp\/v2\/product_cat?post=15566"},{"taxonomy":"product_tag","embeddable":true,"href":"https:\/\/www.muun-collection.com\/fr\/wp-json\/wp\/v2\/product_tag?post=15566"},{"taxonomy":"woo-feed-brand","embeddable":true,"href":"https:\/\/www.muun-collection.com\/fr\/wp-json\/wp\/v2\/woo-feed-brand?post=15566"}],"curies":[{"name":"wp","href":"https:\/\/api.w.org\/{rel}","templated":true}]}}

<p>. La réalisation de nos créations en cuir sont confiées à l’Atelier Mamet &amp; Varennes, labélisé « EPV ».<br />
. Le cuir est issu du tannage végétal qui confère à cette matière un grain unique et une douce patine avec le temps.<br />
. Le pochon intérieur est cousu par des personnes en situation de handicap travaillant à l’ISTA.</p>

<p>Sac en cuir avec poche amovible.<br />
Porté main et épaule.<br />
FABRIQUE EN FRANCE</p>
