{"id":48716,"date":"2025-04-09T10:42:36","date_gmt":"2025-04-09T08:42:36","guid":{"rendered":"https:\/\/www.muun-collection.com\/?post_type=product&#038;p=48716"},"modified":"2026-04-12T19:51:02","modified_gmt":"2026-04-12T17:51:02","slug":"mini-sophie-ltr-25","status":"publish","type":"product","link":"https:\/\/www.muun-collection.com\/fr\/shop\/ss24\/les-flat-clutch-cuir\/mini-sophie-ltr-25\/","title":{"rendered":"MINI SOPHIE LTR 25"},"content":{"rendered":"<p>. La base du sac est solidement tress\u00e9e en herbe \u00e0 \u00e9l\u00e9phant et n\u00e9cessite 2 \u00e0 3 jours de travail.<br \/>\n. Le cuir est issu du tannage v\u00e9g\u00e9tal qui conf\u00e8re \u00e0 cette mati\u00e8re un grain unique et une douce patine avec le temps.<br \/>\n. Ce sac est fini et assembl\u00e9 dans notre atelier du Maine et Loire.<br \/>\n. Les pochons int\u00e9rieurs sont confectionn\u00e9s par des personnes en situation de handicap travaillant \u00e0 l\u2019ISTA.<br \/>\nComme les sacs MUU\u00d1 sont tous faits main, chaque objet est unique. Les tressages, les couleurs, la dimension et la forme peuvent varier d&rsquo;une pi\u00e8ce \u00e0 l&rsquo;autre.   <\/p>\n","protected":false},"excerpt":{"rendered":"<p>Sac en paille avec poche amovible.<br \/>\nPort\u00e9 main et \u00e9paule.<br \/>\nFABRIQUE A LA MAIN AU GHANA<\/p>\n","protected":false},"featured_media":48709,"comment_status":"closed","ping_status":"closed","template":"","meta":{"_et_pb_use_builder":"","_et_pb_old_content":"","_et_gb_content_width":"","_monsterinsights_skip_tracking":false,"_monsterinsights_sitenote_active":false,"_monsterinsights_sitenote_note":"","_monsterinsights_sitenote_category":0},"product_brand":[],"product_cat":[1909,1917,1921,1925,1965,1977,1993,2005,1761,1312],"product_tag":[1758],"woo-feed-brand":[],"class_list":{"0":"post-48716","1":"product","2":"type-product","3":"status-publish","4":"has-post-thumbnail","6":"product_cat-sac-en-cuir-et-tissu","7":"product_cat-corbeille-en-paille-fr","8":"product_cat-panier-chien-osier","9":"product_cat-tiroir-en-paille","10":"product_cat-set-de-table-osier","11":"product_cat-caba-osier","12":"product_cat-boite-en-raphia","13":"product_cat-tote-bag-raphia","14":"product_cat-ss25-fr","15":"product_cat-les-flat-clutch-cuir","16":"product_tag-ss25-fr","18":"first","19":"instock","20":"taxable","21":"shipping-taxable","22":"purchasable","23":"product-type-variable","24":"has-default-attributes"},"_links":{"self":[{"href":"https:\/\/www.muun-collection.com\/fr\/wp-json\/wp\/v2\/product\/48716","targetHints":{"allow":["GET"]}}],"collection":[{"href":"https:\/\/www.muun-collection.com\/fr\/wp-json\/wp\/v2\/product"}],"about":[{"href":"https:\/\/www.muun-collection.com\/fr\/wp-json\/wp\/v2\/types\/product"}],"replies":[{"embeddable":true,"href":"https:\/\/www.muun-collection.com\/fr\/wp-json\/wp\/v2\/comments?post=48716"}],"wp:featuredmedia":[{"embeddable":true,"href":"https:\/\/www.muun-collection.com\/fr\/wp-json\/wp\/v2\/media\/48709"}],"wp:attachment":[{"href":"https:\/\/www.muun-collection.com\/fr\/wp-json\/wp\/v2\/media?parent=48716"}],"wp:term":[{"taxonomy":"product_brand","embeddable":true,"href":"https:\/\/www.muun-collection.com\/fr\/wp-json\/wp\/v2\/product_brand?post=48716"},{"taxonomy":"product_cat","embeddable":true,"href":"https:\/\/www.muun-collection.com\/fr\/wp-json\/wp\/v2\/product_cat?post=48716"},{"taxonomy":"product_tag","embeddable":true,"href":"https:\/\/www.muun-collection.com\/fr\/wp-json\/wp\/v2\/product_tag?post=48716"},{"taxonomy":"woo-feed-brand","embeddable":true,"href":"https:\/\/www.muun-collection.com\/fr\/wp-json\/wp\/v2\/woo-feed-brand?post=48716"}],"curies":[{"name":"wp","href":"https:\/\/api.w.org\/{rel}","templated":true}]}}

<p>. La base du sac est solidement tressée en herbe à éléphant et nécessite 2 à 3 jours de travail.<br />
. Le cuir est issu du tannage végétal qui confère à cette matière un grain unique et une douce patine avec le temps.<br />
. Ce sac est fini et assemblé dans notre atelier du Maine et Loire.<br />
. Les pochons intérieurs sont confectionnés par des personnes en situation de handicap travaillant à l’ISTA.<br />
Comme les sacs MUUÑ sont tous faits main, chaque objet est unique. Les tressages, les couleurs, la dimension et la forme peuvent varier d&rsquo;une pièce à l&rsquo;autre.   </p>

<p>Sac en paille avec poche amovible.<br />
Porté main et épaule.<br />
FABRIQUE A LA MAIN AU GHANA</p>
